undred thousands digit of 260639?
2
What is the millions digit of 13740775?
3
What is the ten thousands digit of 48952?
4
What is the tens digit of 303436?
3
What is the hundred thousands digit of 2444268?
4
What is the units digit of 165571?
1
What is the units digit of 123914?
4
What is the tens digit of 389125?
2
What is the hundreds digit of 338175?
1
What is the tens digit of 5026106?
0
What is the thousands digit of 72917?
2
What is the hundreds digit of 1919202?
2
What is the thousands digit of 11096439?
6
What is the hundreds digit of 37157?
1
What is the ten thousands digit of 2676747?
7
What is the hundred thousands digit of 21145514?
1
What is the tens digit of 6105385?
8
What is the hundreds digit of 25148991?
9
What is the thousands digit of 270488?
0
What is the units digit of 19932405?
5
What is the ten thousands digit of 29851?
2
What is the hundred thousands digit of 7447898?
4
What is the millions digit of 1248646?
1
What is the hundreds digit of 280990?
9
What is the hundred thousands digit of 7026947?
0
What is the hundreds digit of 703999?
9
What is the millions digit of 1810739?
1
What is the hundreds digit of 103941?
9
What is the hundreds digit of 2590167?
1
What is the units digit of 7535316?
6
What is the thousands digit of 203727?
3
What is the millions digit of 1286271?
1
What is the ten thousands digit of 288915?
8
What is the units digit of 251621?
1
What is the ten thousands digit of 189762?
8
What is the thousands digit of 398207?
8
What is the tens digit of 1617937?
3
What is the tens digit of 1348375?
7
What is the thousands digit of 1586432?
6
What is the hundreds digit of 1908418?
4
What is the ten thousands digit of 6469528?
6
What is the tens digit of 702369?
6
What is the hundreds digit of 35601?
6
What is the thousands digit of 4969869?
9
What is the thousands digit of 6534079?
4
What is the thousands digit of 2813392?
3
What is the thousands digit of 296833?
6
What is the units digit of 34391?
1
What is the hundred thousands digit of 1371690?
3
What is the thousands digit of 230586?
0
What is the millions digit of 1710931?
1
What is the thousands digit of 258016?
8
What is the ten millions digit of 33677596?
3
What is the units digit of 493233?
3
What is the tens digit of 5586539?
3
What is the thousands digit of 3796183?
6
What is the thousands digit of 11852878?
2
What is the thousands digit of 1683231?
3
What is the ten thousands digit of 13475565?
7
What is the thousands digit of 525621?
5
What is the millions digit of 1359878?
1
What is the hundreds digit of 375208?
2
What is the units digit of 4102982?
2
What is the hundreds digit of 2086180?
1
What is the units digit of 2099378?
8
What is the thousands digit of 20900?
0
What is the tens digit of 221990?
9
What is the millions digit of 11952416?
1
What is the thousands digit of 763946?
3
What is the hundred thousands digit of 1877161?
8
What is the units digit of 754053?
3
What is the tens digit of 899562?
6
What is the ten millions digit of 11370704?
1
What is the tens digit of 653635?
3
What is the units digit of 155889?
9
What is the hundred thousands digit of 529206?
5
What is the hundreds digit of 3543460?
4
What is the units digit of 3723718?
8
What is the units digit of 374218?
8
What is the thousands digit of 176003?
6
What is the ten thousands digit of 75483?
7
What is the tens digit of 32426914?
1
What is the thousands digit of 3097988?
7
What is the units digit of 506354?
4
What is the ten millions digit of 29776345?
2
What is the hundreds digit of 336921?
9
What is the tens digit of 179244?
4
What is the ten thousands digit of 2242161?
4
What is the millions digit of 2910015?
2
What is the thousands digit of 6264060?
4
What is the hundreds digit of 1450385?
3
What is the units digit of 12585485?
5
What is the tens digit of 2802848?
4
What is the units digit of 2045299?
9
What is the hundred thousands digit of 349202?
3
What is the hundred thousands digit of 480080?
4
What is the tens digit of 4092446?
4
What is the thousands digit of 39707000?
7
What is the tens digit of 72066?
6
What is the thousands digit of 3023?
3
What is the hundred thousands digit of 1141211?
1
What is the units digit of 7871778?
8
What is the ten thousands digit of 916863?
1
What is the tens digit of 319723?
2
What is the ten millions digit of 13429305?
1
What is the tens digit of 13441865?
6
What is the tens digit of 3731011?
1
What is the thousands digit of 578911?
8
What is the tens digit of 190102?
0
What is the ten thousands digit of 181003?
8
What is the hundred thousands digit of 2598082?
5
What is the ten thousands digit of 1321578?
2
What is the millions digit of 1963077?
1
What is the units digit of 178656?
6
What is the units digit of 575665?
5
What is the tens digit of 1168562?
6
What is the ten thousands digit of 98421?
9
What is the ten thousands digit of 25306489?
0
What is the hundreds digit of 3284310?
3
What is the units digit of 4918987?
7
What is the ten millions digit of 16779083?
1
What is the thousands digit of 80306?
0
What is the thousands digit of 322042?
2
What is the hundreds digit of 359742?
7
What is the units digit of 1997736?
6
What is the ten thousands digit of 83232?
8
What is the tens digit of 4340434?
3
What is the thousands digit of 836643?
6
What is the millions digit of 1249546?
1
What is the thousands digit of 545145?
5
What is the millions digit of 24812367?
4
What is the ten thousands digit of 8326240?
2
What is the ten millions digit of 18661975?
1
What is the millions digit of 40450251?
0
What is the millions digit of 1407429?
1
What is the ten thousands digit of 588689?
8
What is the thousands digit of 291219?
1
What is the hundreds digit of 207385?
3
What is the units digit of 3337527?
7
What is the tens digit of 1613881?
8
What is the hundred thousands digit of 276217?
2
What is the hundreds digit of 86904?
9
What is the thousands digit of 291803?
1
What is the tens digit of 9434304?
0
What is the thousands digit of 181497?
1
What is the hundred thousands digit of 1649774?
6
What is the thousands digit of 55808?
5
What is the thousands digit of 312261?
2
What is the ten thousands digit of 86303?
8
What is the tens digit of 321677?
7
What is the hundred thousands digit of 7168187?
1
What is the ten thousands digit of 208289?
0
What is the hundreds digit of 3950965?
9
What is the hundred thousands digit of 2458204?
4
What is the thousands digit of 22215020?
5
What is the thousands digit of 110012?
0
What is the ten thousands digit of 234201?
3
What is the tens digit of 284249?
4
What is the units digit of 5151197?
7
What is the tens digit of 3301724?
2
What is the hundreds digit of 11574804?
8
What is the ten thousands digit of 1361482?
6
What is the hundreds digit of 78099?
0
What is the ten thousands digit of 4346915?
4
What is the hundred thousands digit of 7307746?
3
What is the tens digit of 709190?
9
What is the hundred thousands digit of 3075461?
0
What is the units digit of 3968882?
2
What is the hundred thousands digit of 325297?
3
What is the tens digit of 146478?
7
What is the thousands digit of 202153?
2
What is the ten thousands digit of 68938?
6
What is the thousands digit of 190295?
0
What is the thousands digit of 12699269?
9
What is the tens digit of 20677?
7
What is the ten thousands digit of 265833?
6
What is the tens digit of 1058740?
4
What is the hundred thousands digit of 12750535?
7
What is the hundreds digit of 7019325?
3
What is the tens digit of 914458?
5
What is the units digit of 18281147?
7
What is the thousands digit of 259836?
9
What is the hundreds digit of 290130?
1
What is the ten thousands digit of 34099?
3
What is the tens digit of 1258836?
3
What is the tens digit of 458081?
8
What is the units digit of 14438695?
5
What is the millions digit of 1874911?
1
What is the hundred thousands digit of 701689?
7
What is the hundred thousands digit of 2999726?
9
What is the tens digit of 5520928?
2
What is the hundreds digit of 3526943?
9
What is the ten thousands digit of 1433607?
3
What is the tens digit of 3017902?
0
What is the hundred thousands digit of 311961?
3
What is the millions digit of 11921995?
1
What is the hundreds digit of 2075887?
8
What is the hundreds digit of 120990